 + 20, -1252 = -4*a + 94*o - 95*o. What is the greatest common factor of 120 and a?
24
Let s = -8 + 8. Suppose 5*q - 2*q = 0, s = 2*p + 5*q - 126. Let c = 0 - -7. Calculate the greatest common divisor of p and c.
7
Suppose 0 = -h + 4*h - 6. Let q(u) = 27*u. Let v be q(h). Let j = 32 + -26. Calculate the greatest common divisor of j and v.
6
Suppose h + 2*h = 33. Suppose -19 = -2*u + h. What is the greatest common divisor of 45 and u?
15
Suppose -52 = -4*x + 72. Let y = 91 + 157. Calculate the highest common factor of y and x.
31
Let n = 538 - 462. Calculate the highest common divisor of 32 and n.
4
Let b = -56 - -124. Let z be ((-119)/b)/(2/(-16)). Let j be 2*28*6/4. Calculate the greatest common factor of z and j.
14
Let h be (2 - 3)*(67 - -5)/6. Let j = h + 64. Let x = 0 + 78. Calculate the highest common factor of x and j.
26
Suppose -7*q + 172 = -143. What is the greatest common factor of 15 and q?
15
Suppose 0 = -5*f + 6*f + 4*t - 39, -5*f + 132 = -t. What is the highest common divisor of f and 297?
27
Suppose 72*m - 69*m + 240 = 0. Let i be 30/(-4)*(m/15 - -4). What is the greatest common divisor of i and 8?
2
Let y(z) = -4*z**3 - 59*z**2 + 10*z - 50. Let n be y(-15). What is the greatest common divisor of n and 110?
5
Let q = -468 + 562. Calculate the greatest common divisor of 1457 and q.
47
Let o(j) = -58*j**3 + 5*j**2 + 4*j - 2. Let t be o(-1). Let g(b) = 8*b**2 + b - 1. Let i be g(1). Let h = i + 11. What is the highest common divisor of h and t?
19
Let z = -485 - -502. Suppose -2*u - w = 2*w - 263, 4*w = -12. Calculate the highest common factor of z and u.
17
Suppose 0 = p + 14 - 20. Let z(k) = 11*k - 3. Let y be z(p). What is the greatest common divisor of y and 9?
9
Let z(a) = 42*a**3 - 5*a**2 + 10*a - 12. Let r be z(2). What is the highest common divisor of 216 and r?
108
Let r be 0 - ((-8)/4 + 3). Let g(h) = 26*h**3 + h**2 + h. Let k be g(r). Let p be 1088/26 - 4/k. What is the highest common divisor of 14 and p?
14
Let v(r) = 26*r + 256. Let s be v(-8). What is the greatest common divisor of 21 and s?
3
Let s be (44/(-5))/(2/(-20)*4). Suppose 2*t = 4*b - 6, -b = -4*t - 0*b + 2. Let z be 1 - (62/(-2) - t). Calculate the highest common factor of s and z.
11
Suppose 5 = -2*s - 2*q + 21, 0 = -s + 2*q + 20. Suppose -2*b + 3*h = -5*b + 72, 0 = 2*b + 4*h - 56. Let v = b - 8. What is the highest common factor of s and v?
12
Let t(j) = -2*j - 13. Let q be t(-13). Let m be 96/72 - 269/(-3). Calculate the highest common factor of q and m.
13
Let l = 49 - 56. Let q be (l - 3)*28/(-10). What is the highest common divisor of 7 and q?
7
Let t = 4852 - 4824. Suppose -3*q + 140 = -q. What is the highest common factor of q and t?
14
Let z = 85 + -82. Suppose 11*q - 32 = z*q. Let c = 27 - 15. Calculate the greatest common divisor of c and q.
4
Suppose 10 = q + 7. Let o(y) = -y**3 + 12*y**2 - y + 4. Let k be o(12). Let z = 1 - k. What is the highest common factor of z and q?
3
Let i be 5*1*(-16)/(-10). Let f = -250 + 266. What is the highest common divisor of f and i?
8
Let i(x) = x**3 - 4*x + 3. Let b be i(2). Let s be (-265)/(-35) + b/7. Let o(k) = -5*k - 8. Let c be o(-2). What is the greatest common divisor of s and c?
2
Let s(x) = 5*x**3 + 1. Let o be s(2). Let p be 3 + (o - (-2 + 0)). Let g(d) = -23*d. Let j be g(-5). What is the highest common divisor of j and p?
23
Suppose 4*a - 400 = -0*a. Let t(w) = w**3 + 11*w**2 + 4*w + 40. Let i be t(-10). Suppose -v - i = -6*v. Calculate the highest common divisor of v and a.
20
Suppose -3*d + 40 = -41. What is the highest common divisor of d and 18?
9
Let z = -34 + 38. Suppose -3*g - j - z = -73, -3*g + 75 = -j. What is the greatest common divisor of 216 and g?
24
Suppose 59 = -5*i - 46. Let y be 4/18 + (-106)/(-9). Let c be i/y*(1 + -41). Calculate the highest common factor of 14 and c.
14
Let m = 5 - 5. Suppose c + m = 8. Suppose 3*s - c = -a, 5*s - 3*s = 2*a. What is the highest common factor of a and 22?
2
Suppose 2*g = 5*g - 45. Suppose 0*o = o + g. Let f be (-1495)/o + (-1)/(-3). What is the highest common factor of f and 25?
25
Let u be -1 - 33/(-5) - 21/35. What is the highest common divisor of 5 and u?
5
Let k be 15*(-7)/(-21) - -3. What is the highest common factor of 152 and k?
8
Suppose -4*m - 2*j = -56, -2*j + 5 = 1. Suppose -3968 - 3104 = -136*r. What is the greatest common factor of m and r?
13
Let a(x) = 5*x + 72. Let d be a(-12). Suppose 0 = 4*c + 298 + 230. Let f = 0 - c. Calculate the highest common divisor of d and f.
12
Let u(v) = 5*v**2 - 25*v - 92. Let j be u(8). Suppose m + 52 = -3*r, -3*m + 12 = -r + 128. Let l = m - -82. Calculate the highest common divisor of j and l.
14
Let y = -41 - -60. Let g be (-9 - -11)*-2*(-19)/4. What is the greatest common divisor of g and y?
19
Suppose -7*v - 4500 = -94*v - 13*v. Let s(z) = z**3 - 4*z**2 - 4*z - 3. Let b be s(-2). Let h = 34 + b. Calculate the highest common divisor of h and v.
15
Let w = 646 + -517. What is the highest common divisor of 86 and w?
43
Suppose 0 = -3*o + 2*a + 17, -o = -4*o - 4*a + 11. What is the greatest common factor of 135 and o?
5
Suppose -3*h = -4*y - 2 + 9, 5 = -2*h + 3*y. Let w(p) = -5*p - 1. Let c be w(h). Let a be (3 + (6 - 8))*32. Calculate the greatest common factor of c and a.
4
Let j(p) = -36*p**2 - 2*p + 44. Let l be j(0). Calculate the highest common factor of l and 2310.
22
Let t(i) = -40*i - 1. Let j = -2 - -7. Let s be (0 - 0) + (2 - j). Let r be t(s). Calculate the highest common factor of 17 and r.
17
Suppose 0 = 4*u - 2*d - 90, -d + 56 = 5*u - 39. What is the greatest common divisor of 25 and u?
5
Suppose 0 = -7*l + 5*l + 2. Let p be (-2)/(-4)*(l + 3). Suppose p*w + 36 = 6*w. Calculate the highest common factor of w and 63.
9
Let n = -59 + 98. Suppose 280 = -17*m + 22*m - 5*z, 0 = -5*z - 20. What is the highest common divisor of n and m?
13
Suppose -5*i + 53 = 3*t, -4*i + 5*t - 17 = -52. Suppose -o - 166 = o. Let d = 193 + o. What is the highest common divisor of d and i?
10
Suppose 0 = -7*v + 8 + 34. Calculate the highest common divisor of v and 34.
2
Let r = -84 - -687. Calculate the greatest common factor of 9 and r.
9
Let z(a) = -10*a + 4. Let h be z(-4). Let x = -969 + 980. Calculate the highest common factor of h and x.
11
Suppose -6*n + 7*n = 2. Suppose -p + 343 = n*i - 6*p, -p = -3*i + 521. Calculate the greatest common divisor of i and 29.
29
Suppose 2*q = 5*y + 88, 2*q - 133 + 13 = -3*y. What is the greatest common divisor of 162 and q?
54
Suppose -5*r = 20 + 5, -2*r = 4*k - 126. Calculate the highest common divisor of 238 and k.
34
Let v be (-6)/(-8) - (-85)/20. Let b be (-406)/(-35)*v/2. What is the greatest common factor of b and 58?
29
Let n be 208/(-10)*625/(-50). Calculate the greatest common divisor of n and 13.
13
Let t be (-2)/(-14) + (-8175)/(-105). Suppose -5*m + t = 2*n + 4, -m + 162 = 5*n. Calculate the highest common divisor of n and 112.
16
Let t = 38 - 21. Let y be 3*(6/(-9) - -2). Suppose 3*c = -y*r + 603, c + c - 147 = -r. Calculate the highest common factor of t and r.
17
Suppose -3*j = m - 17, -3*m + 5*m + 2*j = 14. Suppose c + 41 = m*c. What is the greatest common factor of c and 41?
41
Let p(m) = 29*m + 1. Let o be p(1). Let a(z) = -2*z - 2 - 4*z - 1 + 1. Let l be a(-2). Calculate the greatest common divisor of l and o.
10
Let t = 68 - 23. Calculate the highest common factor of t and 9.
9
Suppose 3*t = 859 - 283. Let o(g) = 2*g + 1. Let s be o(-3). Let c = 29 + s. What is the greatest common factor of c and t?
24
Let r = -393 + 697. Calculate the greatest common divisor of r and 38.
38
Suppose 0 = 44*a - 583 + 187. What is the greatest common factor of 9 and a?
9
Let u(v) = v**3 - 2*v**2 + 5*v - 2. Let j(g) = -3*g + 61. Let z be j(19). Let y be u(z). Calculate the greatest common factor of 5 and y.
5
Let s(m) = -m**3 + 11*m**2 + 26*m + 19. Let r be s(13). What is the highest common divisor of r and 57?
19
Let b(n) = -15*n**3 - n**2 - 4. Let t be b(-2). What is the highest common factor of 70 and t?
14
Let j(n) = n**2 - n - 10. Let v be j(11). Calculate the greatest common factor of v and 80.
20
Let y(s) = s**2 - 10*s - 17. Let p be y(12). Suppose -p*o = -2*o - 30. What is the highest common divisor of o and 54?
6
Let n(j) = 3*j**2 - 3*j. Let q be n(-5). Su